 = -301 + 343. Let z(r) = 2*r**2 + 62*r + 158. Let c be z(-30). Calculate the greatest common divisor of q and c.
14
Suppose f + 3*w = 444, 7*w = -5*f + 2*w + 2190. What is the greatest common factor of 696 and f?
87
Let n = -42 - 128. Let a = n - -282. Calculate the highest common divisor of a and 40.
8
Let n(k) = 2*k**3 + 2*k**2 - 5*k - 2. Let v be n(-2). Suppose -5*x + 4*s + 735 = -s, v = 2*x + 2*s - 282. What is the greatest common divisor of 64 and x?
16
Let a(z) = -z**3 - 5*z**2 - 11*z - 5. Let d be a(-9). Let r(c) = -12*c**2 - 1542*c - 730. Let l be r(-128). Calculate the highest common factor of l and d.
38
Let k = -88 + 110. Suppose 0 = -k*d + 18*d + 20. Suppose -140 + 1295 = d*x. Calculate the greatest common factor of 21 and x.
21
Let h = -205 + 209. Suppose -l - h*b = -4*l + 233, -4*l + 302 = -b. What is the greatest common divisor of 25 and l?
25
Let w(j) be the second derivative of -4*j**3/3 + j**2/2 + 36*j. Let m be w(-1). What is the highest common divisor of 144 and m?
9
Let l = -5947 - -7543. What is the highest common factor of l and 108?
12
Let y(i) = -i**3 - 21*i**2 - 16*i + 499. Let x be y(-19). What is the highest common divisor of x and 162?
81
Suppose 6*n = 122*n - 8120. Calculate the highest common divisor of 70 and n.
70
Suppose -5*q = -2*h + 2086, -74*h = -71*h - 5*q - 3144. What is the greatest common divisor of h and 598?
46
Let b be 2/(-9) - 2931744/(-864). Calculate the highest common factor of 117 and b.
117
Let i = 0 - -1. Suppose -337 = -4*c + 103. Suppose -104*g - 48 = -c*g. What is the greatest common divisor of i and g?
1
Let p = 17028 + -16965. What is the greatest common factor of p and 980?
7
Suppose -2*a - v = -1430 + 235, -4*v = 3*a - 1790. Suppose 5*c - 10*c = 2*i - 132, -i = -1. Calculate the highest common factor of c and a.
26
Let v(w) = -3*w**2 - 50*w - 205. Let k be v(-9). Calculate the highest common factor of 286 and k.
2
Let v(w) = -2*w**2 + 24*w + 51. Let c be v(20). Let u = c + 274. Suppose -4*h = -o - 24, -4 = 5*o + 16. What is the highest common factor of h and u?
5
Suppose -17*w = -22*w - 10, -2*w - 146 = -2*u. Let h = 77 - u. Calculate the highest common factor of 18 and h.
6
Suppose -28 = 3*b - 13, 0 = 2*a - 5*b - 175. Let d be ((-2)/(-4))/((-3)/(-78)). Suppose -18*g = -d*g - a. Calculate the highest common factor of 165 and g.
15
Let d be (-230685)/(-4056) + (-1)/(-16)*2. Calculate the greatest common divisor of 4978 and d.
19
Let m(k) = k + 28. Let d be m(-17). Suppose 32 = 12*c - 8*c. Suppose c*p = -p + 792. Calculate the greatest common factor of p and d.
11
Suppose 2*v + u + 50 = 7*v, -5*v - 3*u = -50. Let i be 4/6 - 3/(-9). Let t(n) = 2*n**2 - n + 1. Let f be t(i). What is the greatest common divisor of f and v?
2
Suppose -14512*h = -14516*h + 1188. Let y be 0 + (-28)/(-1) - 1. Calculate the highest common divisor of y and h.
27
Let w be (40/(-6))/(((-208)/(-456))/13). Let y = w + 201. Let k be 53/5 + (-8)/(-20). What is the highest common divisor of y and k?
11
Let l = 95 + -135. Suppose -3*j - 2*z + 129 = 0, 6*z = -3*j + 11*z + 129. Let s = l + j. What is the highest common factor of s and 27?
3
Let k = -28 - -20. Let b = -2 - k. Let p be (2 + -332)/(-11) - 9. Calculate the greatest common divisor of p and b.
3
Let n(y) be the first derivative of y**4/4 + 7*y**3/3 + 7*y**2/2 + 11*y + 40. Let b be n(-3). Calculate the greatest common divisor of 117 and b.
13
Let d = -40 - -55. Let s be ((-50)/d)/((-4)/6). Suppose 0 = -3*q + s*q - 114. What is the greatest common factor of 19 and q?
19
Suppose 3*u + l - 3820 = 0, 4*u - 4194 = l + 897. Let c = u - 681. What is the highest common factor of 37 and c?
37
Let t = 224 - -260. Let v = t + -470. Calculate the greatest common factor of v and 406.
14
Let j be 14/4 - 3/6. Let d(t) be the third derivative of -23*t**4/12 - 91*t**3 + 523*t**2. Let h be d(-12). Calculate the highest common factor of h and j.
3
Let a = -990 - -1098. Let z(p) = 11*p + 6. Let k be z(6). Calculate the highest common factor of k and a.
36
Suppose 1019*m - 4181 = 1917 + 16. Let g be 67 - (1 - -1 - 1). Calculate the greatest common divisor of m and g.
6
Let o be (-1 - 0) + (-25)/(-50) + 104302/4. What is the greatest common divisor of o and 25?
25
Let j(y) = 9*y + 21*y**2 - 184 - 184 + 364. Let k be j(-4). Calculate the greatest common divisor of k and 37.
37
Let p = -17852 + 19667. What is the greatest common factor of 33 and p?
33
Suppose 1383 = 33*x + 988 - 3301. Calculate the highest common divisor of x and 1204.
28
Suppose -82*h - 68 = -84*h + f, -3*f = 5*h - 236. Let o = 582 - -338. What is the greatest common factor of o and h?
40
Suppose 0*k - 60 = -k. Suppose 5*g + k = -0*h - 5*h, 5 = 5*h. Let s = g - -21. What is the highest common divisor of s and 72?
8
Let z(q) = -15*q - 191. Let b be z(-17). Suppose -b = -35*h + 19*h. What is the greatest common divisor of h and 8?
4
Suppose 0 = g - t - 164, 2 = -t + 3*t. Suppose 45 = -5*v + g. Calculate the highest common divisor of 3 and v.
3
Let m be (-6 + 10)*3/4. Let b be ((-125)/15)/(104/36 - m). Calculate the greatest common divisor of b and 100.
25
Let k be (-10)/(((-1639)/25)/(-11) - 6). What is the greatest common factor of 600 and k?
50
Let x be ((-10)/(-20)*(1 - 1))/4. Let j be ((-3)/5)/(2/(-10)). Suppose -2*z + 240 = -3*q, j*q + 6 = -x. Calculate the greatest common divisor of z and 13.
13
Let j = 1128 - 918. Suppose y = -5*o - y + j, 42 = o - 3*y. What is the highest common factor of o and 294?
42
Let b(m) = m**2 + 25*m - 58. Let s be b(-27). Let v(h) = 27*h**2 + h - 8. Let j be v(s). Calculate the greatest common divisor of j and 12.
12
Suppose 5*x - 1033 = 1532. Suppose -3*v = 2*h - 662, h - 217 = -442*v + 441*v. Calculate the greatest common divisor of v and x.
57
Let u(c) = -3*c**2 + 13*c + 4. Let g(a) = a**2 - 2*a - 1. Let j(d) = 4*g(d) + u(d). Let m be j(5). Calculate the highest common factor of m and 40.
10
Suppose -64 = -143*t + 145*t. Let n be (-10 - -4)/(1/t*2). What is the highest common factor of 6 and n?
6
Suppose 5*r = 5*q - 240, -r - 336 = -58*q + 51*q. Let g(h) = h + 11. Let x be g(-5). What is the highest common factor of q and x?
6
Let n(t) = t**2 - 49*t + 384. Let m be n(8). Calculate the greatest common factor of m and 378.
14
Suppose -18 = -7*n + 3. Suppose 0 = -10*g + 16 - 56. Let s be (-141)/(-4) + (-1)/(g/n). What is the highest common factor of s and 18?
18
Let b(q) = q**3 + 3. Let h be b(3). Suppose -7*x + 5*p + 57 = -3*x, -4*x + 12 = 4*p. Let n be x/3*60/16. Calculate the highest common factor of h and n.
10
Let z be ((-42)/49 - 116/(-168)) + (-145327)/(-6). What is the greatest common factor of z and 53?
53
Let z(i) = 17*i**3 + 3*i**2 + i + 2. Let r be z(2). Suppose 0 = 3*p - 4*h - r, -p + 3*h + 52 + 7 = 0. What is the greatest common factor of 77 and p?
11
Suppose 3*z - z = 114. Suppose 0 = 2*l - z - 9. Let t be ((-198)/5)/(411/(-2740)). Calculate the highest common divisor of t and l.
33
Let d = 59598 + -32097. What is the highest common divisor of 267 and d?
267
Let y = 205 + -80. Suppose p = y - 89. Calculate the highest common factor of 36 and p.
36
Let n(j) = 106*j - 52*j - 52*j - 7 + 2*j**2. Let c be n(-3). Suppose -2*o = 5*x - 129 - 100, -4*o = -3*x + 127. Calculate the highest common factor of x and c.
5
Let q(a) = -a + 19. Let m be q(15). Let r(s) = -s + 11. Let l be r(0). Suppose 8*u + 3 = l*u. What is the greatest common divisor of u and m?
1
Let x be 23 + -11 + (6 - -62). Let r be 5*(2 + 1*78). Calculate the greatest common factor of x and r.
80
Let y(c) = -c**3 + 11*c**2 + 4*c - 6. Let z be 10*2*(-8)/(-16). Let s be y(z). Let k be 1/(4/s) - 3/(-2). Calculate the highest common factor of 5 and k.
5
Let z(j) = j**3 - 74*j**2 + 406*j + 177. Let s be z(68). Calculate the highest common divisor of 2173 and s.
41
Let g be 15/(-21) - (-3 + 2) - 84/(-49). Calculate the highest common factor of 32 and g.
2
Let s = 10 + 30. Let w = 0 - s. Let i be w/(-6)*(-1 - (-476)/35). What is the highest common divisor of i and 21?
21
Let w be 39/3 + 1 + 2. Suppose -32*s = 3311 - 3567. What is the greatest common divisor of s and w?
8
Let f be 26343/45 + (-4)/10. Let g = f - 525. What is the greatest common factor of g and 135?
15
Let i be 1/(2/(-3) + (-1550)/(-2322)). Let v = -6851 